{"id":2982,"date":"2026-04-07T11:13:33","date_gmt":"2026-04-07T09:13:33","guid":{"rendered":"https:\/\/isa-nage.com\/index.php\/piscine\/"},"modified":"2026-04-07T11:13:45","modified_gmt":"2026-04-07T09:13:45","slug":"piscine","status":"publish","type":"page","link":"https:\/\/isa-nage.com\/index.php\/piscine\/","title":{"rendered":"Piscine"},"content":{"rendered":"<div class=\"\" style=\"\" >\n  \n    <section class=\"u-clearfix u-container-align-center u-palette-1-light-2 u-section-1\" id=\"block-2\">\n      <div class=\"u-clearfix u-sheet u-valign-middle-md u-valign-middle-sm u-valign-middle-xl u-valign-middle-xs u-sheet-1\">\n        <h4 class=\"u-align-center u-text u-text-1\"> La piscine<\/h4>\n      <\/div>\n    <\/section>\n    <section class=\"u-clearfix u-image u-section-2\" id=\"block-3\" data-image-width=\"4032\" data-image-height=\"2268\" style=\"background-image: url(&quot;https:\/\/isa-nage.com\/wp-content\/uploads\/2026\/04\/20220428_115652.jpg&quot;);\">\n      <div class=\"u-clearfix u-sheet u-valign-bottom-lg u-valign-bottom-md u-valign-bottom-sm u-valign-bottom-xs u-sheet-1\"><\/div>\n    <\/section>\n    <section class=\"u-align-center u-clearfix u-container-align-center u-palette-1-light-2 u-section-3\" id=\"block-4\">\n      <div class=\"u-clearfix u-sheet u-valign-middle u-sheet-1\">\n        <p class=\"u-align-center u-text u-text-1\"> D\u2019une profondeur d\u20191m55, avec acc\u00e8s par escaliers, ce bassin permet tout type de travail.&nbsp;<br>L\u2019eau y est chauff\u00e9e afin d\u2019\u00e9voluer \u00e0 une temp\u00e9rature variant entre 29 et 31 degr\u00e9s.&nbsp;<br>Le toit coulissant permet d\u2019\u00e9voluer au grand air quand la m\u00e9t\u00e9o se trouve \u00eatre cl\u00e9mente, et de travailler en paix en cas d\u2019intemp\u00e9ries.&nbsp;<br>Du mat\u00e9riel est \u00e9galement disponible&nbsp;: planches, frites, accessoires ergonomiques de musculation, etc.&nbsp; &nbsp;\n        <\/p>\n      <\/div>\n    <\/section>\n    <section class=\"u-clearfix u-image u-section-4\" id=\"block-5\" data-image-width=\"3023\" data-image-height=\"2268\" style=\"background-image: url(&quot;https:\/\/isa-nage.com\/wp-content\/uploads\/2026\/04\/20220615_110707.jpg&quot;);\">\n      <div class=\"u-clearfix u-sheet u-sheet-1\"><\/div>\n    <\/section>\n    <section class=\"u-clearfix u-palette-1-light-2 u-section-5\" id=\"block-7\">\n      <div class=\"u-clearfix u-sheet u-sheet-1\"><\/div>\n    <\/section>\n    <section class=\"u-border-2 u-border-grey-75 u-clearfix u-image u-section-6\" id=\"block-6\" data-image-width=\"4032\" data-image-height=\"2268\" style=\"background-image: url(&quot;https:\/\/isa-nage.com\/wp-content\/uploads\/2026\/04\/20220708_225046.jpg&quot;);\">\n      <div class=\"u-clearfix u-sheet u-valign-bottom-xl u-valign-middle-lg u-valign-middle-md u-valign-middle-sm u-valign-middle-xs u-sheet-1\"><\/div>\n    <\/section>\n    \n    \n    \n    \n  \n<\/div>","protected":false},"excerpt":{"rendered":"<p>La piscine D\u2019une profondeur d\u20191m55, avec acc\u00e8s par escaliers, ce bassin permet tout type de travail.&nbsp;L\u2019eau y est chauff\u00e9e afin d\u2019\u00e9voluer \u00e0 une temp\u00e9rature variant entre 29 et 31 degr\u00e9s.&nbsp;Le toit coulissant permet d\u2019\u00e9voluer au grand air quand la m\u00e9t\u00e9o se trouve \u00eatre cl\u00e9mente, et de travailler en paix en cas d\u2019intemp\u00e9ries.&nbsp;Du mat\u00e9riel est \u00e9galement [&hellip;]<\/p>\n","protected":false},"author":1,"featured_media":0,"parent":0,"menu_order":3,"comment_status":"closed","ping_status":"closed","template":"","meta":{"footnotes":""},"class_list":["post-2982","page","type-page","status-publish","hentry"],"_links":{"self":[{"href":"https:\/\/isa-nage.com\/index.php\/wp-json\/wp\/v2\/pages\/2982","targetHints":{"allow":["GET"]}}],"collection":[{"href":"https:\/\/isa-nage.com\/index.php\/wp-json\/wp\/v2\/pages"}],"about":[{"href":"https:\/\/isa-nage.com\/index.php\/wp-json\/wp\/v2\/types\/page"}],"author":[{"embeddable":true,"href":"https:\/\/isa-nage.com\/index.php\/wp-json\/wp\/v2\/users\/1"}],"replies":[{"embeddable":true,"href":"https:\/\/isa-nage.com\/index.php\/wp-json\/wp\/v2\/comments?post=2982"}],"version-history":[{"count":1,"href":"https:\/\/isa-nage.com\/index.php\/wp-json\/wp\/v2\/pages\/2982\/revisions"}],"predecessor-version":[{"id":3001,"href":"https:\/\/isa-nage.com\/index.php\/wp-json\/wp\/v2\/pages\/2982\/revisions\/3001"}],"wp:attachment":[{"href":"https:\/\/isa-nage.com\/index.php\/wp-json\/wp\/v2\/media?parent=2982"}],"curies":[{"name":"wp","href":"https:\/\/api.w.org\/{rel}","templated":true}]}}